/(0 + 2). Is 574/(-8)*(-4 - s) a composite number?
True
Suppose 10*b - 96 = 2*b. Is (-362)/(-4)*(-10 + b) a composite number?
False
Suppose -3*m + 3226 + 254 = 0. Let h = m - 111. Is h prime?
True
Let f be 2*(-1)/(1/(-1)). Let m(p) = 286*p**2 + 5*p - 3. Is m(f) composite?
False
Suppose 0 = j - 0 - 2. Suppose -j*o = 17 - 5. Is (-946)/o + 8/(-12) a composite number?
False
Let g = -4 + 8. Let h be (26/g + -2)*18. Is 5/(5/h) + -2 composite?
False
Let b = 4114 - -937. Is b a prime number?
True
Let g be 12/8*(-1 + 3). Let z(s) = -7*s**2 - 3*s**3 + 2 + 4*s**g + 0*s**2 + 8*s. Is z(6) prime?
False
Let u = -567 + 8713. Is u prime?
False
Let r(g) = 611*g**2 + 13*g + 45. Is r(-11) a composite number?
True
Suppose -2*t + 4*o + 16893 = -2077, 4*t = -5*o + 37901. Is t a prime number?
True
Suppose 2*v - 8599 = -10*r + 13*r, v - r = 4302. Is v prime?
False
Let g = -3821 + 9094. Is g composite?
False
Let p(y) = y**2 - 4*y + 3. Let o = -19 - -23. Let x be p(o). Suppose -2*f = x*f - 1070. Is f composite?
True
Is 103585/5 - (0 - -3) a composite number?
True
Let n(w) = w**3 - 16*w**2 - 16*w - 40. Is n(21) a prime number?
False
Suppose -d - 89 - 168 = 0. Let f = -166 - d. Is f composite?
True
Suppose 5*d + 2 - 22 = 0. Suppose d*k = 4*y - 448, 439 = 4*y + 3*k + 2*k. Is y a composite number?
True
Let g(x) = -x - 1. Let y(h) = -3*h. Let w be y(2). Let u be g(w). Is 4 - u - 820/(-2) a composite number?
False
Let i = 1779 - -1802. Is i prime?
True
Suppose -3 = -4*g + 9. Suppose -k - g*k = -4. Let x(y) = 3*y - 1. Is x(k) prime?
True
Let n be (3 + -2 + -1)/1 - -3156. Suppose 10*x = 6*x + n. Is x a prime number?
False
Is (-1372844)/(-40) - (-5)/(-50) a composite number?
True
Is (-15)/36*-2 - (-89175)/18 composite?
True
Let a(b) = 6*b**3 + b**2 - 2*b + 2. Let l(z) = z**3 - 5*z**2 + 2*z - 7. Let r be (-18)/(-4) - 3/(-6). Let n be l(r). Is a(n) a composite number?
False
Let d(j) be the third derivative of j**5/60 + 5*j**4/24 + j**3/2 + j**2. Let y be d(-4). Is ((298 - 0)*y)/(-2) prime?
True
Let c(o) = 1252*o + 189. Is c(5) a prime number?
True
Let n(r) = 8783*r**2 - 5*r + 3. Is n(1) composite?
True
Let b(l) = -l + 1. Let t be b(1). Is (t - 2*-1759)*(-5)/(-10) a prime number?
True
Let h(q) = 1566*q**2 - 3*q - 6. Let b be h(4). Suppose 9*z = -1647 + b. Is z a composite number?
True
Suppose 0 = 5*l - 3*k - 1, 5*l - 11 = l - k. Suppose -x - 6 = -2, l*x + 2100 = 4*t. Is t a prime number?
True
Let s be -3*(-10)/6*1 + 2. Is s/(-28)*-4*1151 composite?
False
Let g(t) = 11*t**2 - 8*t + 28. Let i be g(5). Suppose y + m - 28 = 24, -4*m + i = 5*y. Is y prime?
False
Suppose -j + 16 + 10 = 0. Is (-112221)/(-117) + (-4)/j prime?
False
Suppose -t = -3*c - 1488, -t + 373 + 1139 = 5*c. Suppose 7*m + 412 = t. Is m a prime number?
False
Let u(q) = 4*q**2 - 5*q + 104. Is u(-27) prime?
False
Let a = 48 - -75. Is a a composite number?
True
Suppose 6*y - 2*y - 4 = 0. Let d be 5/(22/(-24) + y). Suppose 2*t - 78 = d. Is t a composite number?
True
Let u be 4/10 + 3072/20. Let c = u + 182. Let k = c - 125. Is k a composite number?
False
Let c(p) = 2*p + 157. Let a = 34 - 34. Is c(a) a composite number?
False
Let c be (-6)/(-15) - (-12)/(-5). Let q(j) = -j**3 - 2*j**2 - 2*j - 1. Let s be q(c). Suppose -s*r + 212 = r. Is r a composite number?
False
Let v be -2 + -1 + -11 + 4. Let a = v + 4. Is a/(-33) - 19572/(-44) composite?
True
Let o(z) = 701*z**2 - 33*z - 135. Is o(-4) a composite number?
False
Is (8/(-60)*93)/((-10)/4525) prime?
False
Let j = 3 - 1. Let t be j/(-5) - (-1536)/(-10). Let x = -41 - t. Is x a prime number?
True
Suppose 40453 = -67*o + 74*o. Is o composite?
False
Suppose -3*j + 10 - 1 = 0. Let f(o) = o**2 - 10*o + 12. Let d be f(9). Suppose d*l + 4*z - z - 621 = 0, -j*z - 215 = -l. Is l composite?
True
Let y(r) = -r**2 + 9*r - 11. Let k be y(8). Let d = k + 3. Suppose d = -2*q + 8. Is q a composite number?
True
Suppose 7 + 9 = 4*k, 3*m - 159 = 3*k. Let y be 4/14 - m/(-21). Is (2 - (82 + y))*-1 composite?
False
Is (13852 + -24)/((-8)/(-2)) composite?
False
Let r(d) = -26*d**3 + 5*d**2 + 7*d - 7. Is r(-3) a composite number?
False
Let c = 2554 - 443. Is c a prime number?
True
Suppose 17373 = 2*r + 5895. Is r composite?
True
Suppose -3*f - 185 = 2*t - 0*t, 3*f + t + 181 = 0. Let b = 114 + f. Is b prime?
False
Let f = 3333 - 2000. Is f a prime number?
False
Let i(y) = 3262*y**2 - 2*y - 3. Is i(-1) composite?
True
Let y(j) = j**2 + 12*j + 23. Let i be y(-10). Suppose 4*l = 4, 5*v + l - 9099 = -i*l. Is v composite?
True
Suppose 7*w - 4651 = 4386. Is w composite?
False
Suppose 3*d = 5*d - 2. Let k be (5 + d)*(0 - 1). Is k/39 + 5505/39 prime?
False
Let v be (-2)/(-17) - (-710)/34. Let f = v + -21. Suppose 0 = l + 2*l - 4*z - 889, -z - 1 = f. Is l composite?
True
Let v = 87 - 84. Suppose 2*i - v*i + 466 = 0. Is i composite?
True
Let i = 14 - 12. Suppose -4*s + 6 = -o, s - 3*s + i = 0. Is 1*127/o*-2 prime?
True
Suppose -6*l + 426 = -4*l. Suppose 7*p - l - 438 = 0. Is p composite?
True
Let g be 9/6*(-6)/(-9). Is ((-794)/4)/(g*4/(-8)) a prime number?
True
Let x = 8829 - 5932. Is x prime?
True
Let w(u) = 4148*u + 3. Is w(1) composite?
True
Is -5*(4706757/45)/(-11) prime?
True
Is ((-7163)/(-38))/(1*(-2)/(-4)) a prime number?
False
Let k(o) = 34*o - 2. Let p be k(1). Suppose -d = 2*q - 0*q - p, 40 = 2*q - d. Let z = q + -8. Is z a composite number?
True
Let p(b) = 333*b - 159*b + 659*b + 203*b + 3. Is p(1) a composite number?
False
Let b = 7 + -52. Let n = b - -137. Let t = n - -173. Is t composite?
True
Suppose -c - 2 = -7. Suppose -4*l + c*a + 26 = 0, 3*l + 3*a - 4 = 2. Is 48/(-12)*(-37)/l prime?
True
Let q be (-350)/(-4) - 1/2. Let a = q - 213. Let n = 221 - a. Is n composite?
False
Let j be 15*(-4)/36*-3. Is 70/j*(-71)/(-2) a prime number?
False
Let d(h) = 12*h**3 + 10*h - 17. Is d(8) prime?
False
Let j(q) = q + 563. Let t be j(0). Let p = -196 + t. Is p prime?
True
Let y(t) = 256*t**2 + 5*t + 7. Is y(6) prime?
False
Suppose 5*p - 24 = -a + 16, 0 = 2*p + 4*a - 16. Let x be 18/p*32/6. Is 1605/x - 9/12 a prime number?
False
Suppose 2*m = 2*r + 7*m - 19, 2 = 4*r - 2*m. Suppose r*i + 4 = 4*i. Suppose 0 - 52 = -i*v. Is v composite?
True
Suppose -3*s - 662 = -2*j + 3*j, -5*j + 5*s - 3370 = 0. Let z = 122 - j. Is z a prime number?
False
Let c(f) = 4*f**3 - 37*f**2 - 5*f + 41. Is c(20) a composite number?
True
Suppose 5*g - 110492 = 60663. Is g a composite number?
False
Let m(i) = i**2 - 13*i - 9. Let l be m(14). Suppose 2*c - 1474 = -2*c - 3*h, 2 = h. Suppose -6*v = -l*v - c. Is v a prime number?
True
Let b(h) be the first derivative of -5*h**2/2 + 13*h - 6. Let o be b(-9). Suppose 0 = -3*a + 101 + o. Is a prime?
True
Suppose 3*k = -196 - 230. Let h be (k/(-1))/(-1 - 0). Let g = h + 255. Is g composite?
False
Suppose 1269408 = 48*a - 140160. Is a a composite number?
True
Let t(z) = -36*z**2 - 3*z. Let j be t(2). Let k = j - -255. Suppose 4*d - 949 = -k. Is d composite?
False
Let a = -146 + 149. Suppose -14*z = -a*x - 17*z + 681, 3*x - 2*z = 661. Is x a prime number?
True
Suppose 133*q - 143*q + 66350 = 0. Is q prime?
False
Let y be 23/(96/93 - (-1)/(-1)). Let c = -378 + y. Is c prime?
False
Let o be 0 + (4*2)/(-2). Let d(r) = -6*r**2 - 106*r + 11. Let t be d(-15). Is (t/(-4))/(o/16) composite?
False
Let s = 70 - 97. Suppose 2*n + 29 = 3*o + 1, o - 26 = 4*n. Let z = o - s. Is z composite?
True
Let r(t) = -t**2 + 16*t + 7. Let k be r(16). Let p(h) = h**3 - 4*h**2 + 11*h + 2. Is p(k) composite?
True
Suppose -468 = 5*y + j, 2*y = 2*j - 7*j - 201. Let h = y - -556. Let m = -330 + h. Is m a composite number?
True
Let k(b) = 4*b**2 - 2*b - 1. Let y be k(-1). Suppose -y*n = 5*z - 1222 - 338, -5*n - 2*z = -1545. Is n prime?
True
Let i = -208 - -354. Suppose -3*h + i = -235. Is h a composite number?
False
Let q = 1235 + -716. Is q + (-1 - (-6)/2) composite?
False
Suppose 7*i - i = 18. Suppose -6*x + i*x = -2409. Is x a composite number?
True
Suppose -4*d = -f + 2, 6 = 2*d + 4*f - 2. Suppose 0 = -6*h - 51 + 27. Is (h - d)/2 - -421 a composite number?
False
Suppose s - 245 = -4*s. Let r = s - 18. Let u = 57 - r. Is u a composite number?
True
Let t be 123/2 + (-1)/2. Suppose s = 2*s - 73. Suppose -5*w - 2*x = -t, 2*w - 4*x - s = -3*w. Is w a composite number?
False
Let f be -1 - (-2 + 6 + -6 - 44). Suppose -p - 3*y 